alculate the greatest common divisor of 4450 and 585350.
50
What is the highest common factor of 1283579 and 2123?
11
What is the highest common divisor of 209202 and 4662?
42
What is the greatest common factor of 5665 and 13247245?
55
What is the highest common divisor of 25655 and 193445?
35
Calculate the highest common divisor of 6569699 and 166.
83
Calculate the highest common divisor of 14256 and 765094.
22
Calculate the greatest common factor of 132 and 61634584.
44
Calculate the greatest common divisor of 551 and 4723723.
551
What is the greatest common divisor of 495583 and 58168?
11
Calculate the greatest common divisor of 60 and 60326430.
30
Calculate the greatest common factor of 37248 and 3561452.
388
Calculate the greatest common factor of 778158 and 12240.
306
Calculate the highest common divisor of 8312 and 154977240.
8312
Calculate the highest common divisor of 2223400596 and 37.
37
What is the greatest common factor of 30487116 and 22771?
3253
Calculate the greatest common divisor of 10 and 29656310.
10
What is the greatest common factor of 35794 and 1350910?
22
Calculate the greatest common factor of 32004 and 812574.
126
Calculate the highest common factor of 364 and 1229652788.
364
Calculate the greatest common divisor of 11768 and 3174418.
2942
What is the highest common divisor of 3612698 and 266?
38
Calculate the highest common divisor of 5880 and 44580.
60
What is the greatest common divisor of 552292 and 8968?
76
What is the greatest common divisor of 1305 and 4306275?
45
What is the greatest common divisor of 92825 and 83425?
1175
What is the greatest common factor of 25 and 1191626225?
25
Calculate the greatest common divisor of 23903176 and 447.
149
What is the greatest common factor of 75529 and 476627?
47
What is the greatest common divisor of 13532392 and 11792?
536
Calculate the greatest common divisor of 4018383 and 54.
27
What is the greatest common factor of 19200 and 1617792?
384
Calculate the greatest common factor of 13689494 and 546.
182
What is the greatest common divisor of 124 and 2455832?
4
What is the highest common divisor of 160820 and 6191140?
860
Calculate the highest common divisor of 15852 and 118933593.
3963
Calculate the greatest common divisor of 2772 and 62102502.
1386
What is the greatest common factor of 66723 and 12351?
69
Calculate the highest common divisor of 2610 and 36496935.
1305
Calculate the greatest common divisor of 148628 and 2760816.
2036
What is the greatest common factor of 822595 and 800825?
1555
Calculate the highest common factor of 713 and 4334885.
31
Calculate the greatest common divisor of 2 and 432536272.
2
Calculate the greatest common divisor of 19 and 182022185.
19
Calculate the greatest common divisor of 206190 and 245601.
261
Calculate the highest common factor of 385 and 15469960.
55
Calculate the highest common divisor of 2790 and 5498811.
279
Calculate the highest common divisor of 10 and 233422.
2
What is the greatest common factor of 2198 and 47887?
7
Calculate the highest common factor of 11129095 and 20.
5
What is the highest common factor of 52888 and 34833359?
6611
Calculate the highest common divisor of 28198239 and 2451.
129
Calculate the highest common divisor of 3684430 and 150.
10
Calculate the highest common divisor of 1222323 and 43677.
633
Calculate the greatest common factor of 864 and 695169.
27
Calculate the greatest common divisor of 615846 and 1800.
6
What is the highest common factor of 91704 and 768?
24
Calculate the highest common factor of 133878625 and 43903.
1021
Calculate the greatest common factor of 164328230 and 32835.
10945
What is the highest common factor of 33 and 2684363?
11
What is the greatest common factor of 195245 and 53125?
85
Calculate the highest common divisor of 37215 and 3735.
45
Calculate the greatest common divisor of 9280 and 1499200.
320
Calculate the greatest common factor of 4747 and 826310290.
4747
Calculate the highest common divisor of 13111064 and 1520.
152
Calculate the greatest common factor of 246 and 1937087517.
123
Calculate the greatest common divisor of 1004661 and 5412498.
9051
What is the highest common factor of 464 and 6270264?
232
What is the highest common divisor of 565 and 73123543?
113
Calculate the highest common factor of 323 and 1592219.
19
Calculate the highest common divisor of 424264 and 216.
8
Calculate the greatest common divisor of 19 and 5475781.
19
Calculate the greatest common factor of 460122 and 35047.
347
What is the greatest common factor of 18262 and 4800974?
46
What is the highest common divisor of 7934058 and 71706?
4218
What is the highest common divisor of 28 and 9238334?
14
Calculate the greatest common divisor of 40 and 3480390.
10
What is the highest common divisor of 291 and 775078209?
291
What is the highest common divisor of 2156 and 981904?
308
Calculate the highest common divisor of 48 and 544584.
24
Calculate the highest common divisor of 1140 and 17658980.
380
Calculate the greatest common divisor of 38918423 and 527.
527
Calculate the greatest common divisor of 603 and 46906633.
67
Calculate the greatest common factor of 20860 and 327460.
140
What is the greatest common factor of 28605892 and 196?
28
What is the highest common divisor of 198566 and 188062?
202
What is the highest common factor of 898538 and 5?
1
Calculate the highest common divisor of 217158 and 10625.
17
What is the highest common divisor of 5025 and 2246979?
201
Calculate the highest common divisor of 700378128 and 96.
48
What is the highest common divisor of 5742550 and 825?
275
Calculate the highest common divisor of 877 and 17434760.
877
What is the greatest common factor of 611062 and 3324?
554
What is the greatest common divisor of 301 and 826980?
7
Calculate the highest common factor of 1578711 and 31641.
159
Calculate the greatest common divisor of 1173 and 2263533.
51
Calculate the greatest common divisor of 2148784 and 572.
44
Calculate the highest common factor of 7533 and 23965146.
243
What is the greatest common factor of 318063 and 28418?
1093
What is the highest common factor of 1296 and 11571120?
432
Calculate the highest common divisor of 140 and 516080.
20
Calculate the highest common factor of 24588492 and 12.
12
What is the greatest common factor of 255 and 2098497?
51
Calculate the greatest common divisor of 1330992 and 16115112.
8424
Calculate the greatest common factor of 4355 and 8867651.
871
Calculate the highest common factor of 876018 and 1056.
66
What is the greatest common divisor of 29291194 and 201?
67
What is the greatest common factor of 289339118 and 6316?
3158
Calculate the greatest common factor of 299803009 and 473.
473
Calculate the greatest common factor of 707964 and 1428.
12
Calculate the highest common divisor of 49 and 22173431.
49
What is the highest common factor of 11 and 48020973?
11
What is the greatest common factor of 362 and 12330444?
362
What is the highest common factor of 3246992 and 560?
112
What is the greatest common divisor of 156 and 16356548?
52
What is the greatest common factor of 7189785 and 135?
45
What is the highest common divisor of 52626112 and 1344?
448
Calculate the highest common factor of 2572966 and 44.
22
What is the highest common factor of 6 and 545502?
6
What is the greatest common factor of 25618474 and 2044?
1022
What is the greatest common divisor of 467568 and 26775?
153
What is the greatest common divisor of 10366 and 3379742?
142
What is the greatest common factor of 1759960 and 8280?
920
What is the greatest common factor of 6858 and 47411894?
254
Calculate the greatest common factor of 4340 and 332333640.
620
What is the highest common divisor of 10141992 and 40824?
504
Calculate the greatest common divisor of 43880123 and 77.
7
What is the greatest common factor of 2035 and 1698485?
185
What is the highest common divisor of 5268860 and 12?
4
Calculate the greatest common divisor of 67507286 and 1574.
1574
Calculate the greatest common factor of 567 and 20629809.
81
Calculate the greatest common factor of 206 and 601417.
103
Calculate the highest common divisor of 1716 and 15966366.
78
What is the highest common factor of 11027522 and 8041?
473
Calculate the greatest common divisor of 1264500 and 16500